{"id":96,"date":"2024-10-09T06:03:54","date_gmt":"2024-10-09T06:03:54","guid":{"rendered":"https:\/\/www.michaelfischer.consulting\/?page_id=96"},"modified":"2026-03-10T06:23:43","modified_gmt":"2026-03-10T06:23:43","slug":"lehrauftraege","status":"publish","type":"page","link":"https:\/\/www.regionalgovernance.consulting\/?page_id=96","title":{"rendered":"Lehrauftr\u00e4ge"},"content":{"rendered":"\n<p>EX Regionale Handlungsebenen als zentrale Akteure in gesellschaftlichen Transformationsprozessen. Institut f\u00fcr Geographie und Regionalforschung. Universit\u00e4t Wien.<\/p>\n\n\n\n<p>VU Fortgeschrittene Konzepte und Dimensionen der resilienten Stadt- und Regionalentwicklung: Resilienz &#8211; Innovation &#8211; Transformation. Universit\u00e4t Wien, Postgraduate Center.<\/p>\n\n\n\n<p>UE Wirkungsorientierung in der nachhaltigen Stadt- und Regionalentwicklung &#8211; Planung, Monitoring und Evaluierung. Universit\u00e4t Wien, Postgraduate Center.<\/p>\n\n\n\n<p>VU Regionalentwicklung als Managementaufgabe. Universit\u00e4t Wien.<\/p>\n\n\n\n<p>F\u00fchren und Steuern (Modul im Rahmen eines Lehrgangs der Hochschule f\u00fcr Agrar- und Umweltp\u00e4dagogik HAUP Wien).<\/p>\n\n\n\n<p>Regionalentwicklung und Schule (im Rahmen des Hochschullehrgangs &#8222;Schulen professionell f\u00fchren&#8220; der HAUP Wien).<\/p>\n","protected":false},"excerpt":{"rendered":"<p>EX Regionale Handlungsebenen als zentrale Akteure in gesellschaftlichen Transformationsprozessen. Institut f\u00fcr Geographie und Regionalforschung. Universit\u00e4t Wien. VU Fortgeschrittene Konzepte und Dimensionen der resilienten Stadt- und Regionalentwicklung: Resilienz &#8211; Innovation &#8211; Transformation. Universit\u00e4t Wien, Postgraduate Center. UE Wirkungsorientierung in der nachhaltigen Stadt- und Regionalentwicklung &#8211; Planung, Monitoring und Evaluierung. Universit\u00e4t Wien, Postgraduate Center. VU Regionalentwicklung als [&hellip;]<\/p>\n","protected":false},"author":1,"featured_media":0,"parent":0,"menu_order":0,"comment_status":"closed","ping_status":"closed","template":"archive-product","meta":{"saved_in_kubio":true,"footnotes":""},"class_list":["post-96","page","type-page","status-publish","hentry"],"kubio_ai_page_context":{"short_desc":"","purpose":"general"},"_links":{"self":[{"href":"https:\/\/www.regionalgovernance.consulting\/index.php?rest_route=\/wp\/v2\/pages\/96","targetHints":{"allow":["GET"]}}],"collection":[{"href":"https:\/\/www.regionalgovernance.consulting\/index.php?rest_route=\/wp\/v2\/pages"}],"about":[{"href":"https:\/\/www.regionalgovernance.consulting\/index.php?rest_route=\/wp\/v2\/types\/page"}],"author":[{"embeddable":true,"href":"https:\/\/www.regionalgovernance.consulting\/index.php?rest_route=\/wp\/v2\/users\/1"}],"replies":[{"embeddable":true,"href":"https:\/\/www.regionalgovernance.consulting\/index.php?rest_route=%2Fwp%2Fv2%2Fcomments&post=96"}],"version-history":[{"count":4,"href":"https:\/\/www.regionalgovernance.consulting\/index.php?rest_route=\/wp\/v2\/pages\/96\/revisions"}],"predecessor-version":[{"id":404,"href":"https:\/\/www.regionalgovernance.consulting\/index.php?rest_route=\/wp\/v2\/pages\/96\/revisions\/404"}],"wp:attachment":[{"href":"https:\/\/www.regionalgovernance.consulting\/index.php?rest_route=%2Fwp%2Fv2%2Fmedia&parent=96"}],"curies":[{"name":"wp","href":"https:\/\/api.w.org\/{rel}","templated":true}]}}